ulate the remainder when z is divided by b.
7
Let n = -11 + 10. What is the remainder when (-6)/4*2*n is divided by 2?
1
Let o(h) = -h**3 + h**2 + 2*h + 3. What is the remainder when o(-2) is divided by 6?
5
Let z(l) = 17*l - 5. Let r be z(5). Suppose -9*p + r = -5*p. Suppose -v + 3*v = p. What is the remainder when 39 is divided by v?
9
Let m(f) = -f**3 - 4*f**2 - 2*f - 2. Suppose -2*a + 9*b + 45 = 14*b, 4*a + 3*b = 55. Calculate the remainder when a is divided by m(-4).
4
Let o(h) = -2*h**3 - 6*h**2 + 8*h + 15. Calculate the remainder when o(-6) is divided by 23.
22
Let c(m) = 4*m - 2. Calculate the remainder when c(4) is divided by 8.
6
Let t = -9 + 7. Let x(d) = -2*d**3 + 3*d**2 + 3*d. Calculate the remainder when 4/10 + (-208)/(-5) is divided by x(t).
20
Suppose 2*z - w - 48 = -4*w, -3*w - 42 = -3*z. Calculate the remainder when 53 is divided by z.
17
Suppose -3*y = -8*y + 15. Suppose 8*o - 9*o = -8. Calculate the remainder when o is divided by y.
2
Let h be 2*4/(8/3). Suppose h*a - s = -2*a + 23, a - 10 = 2*s. Let f = -4 + 10. What is the remainder when f is divided by a?
2
Let z(u) = -u + 7. What is the remainder when 23 is divided by z(-6)?
10
Suppose -a + 25 - 1 = 0. Calculate the remainder when 90 is divided by a.
18
Suppose -2*c + 5*c + 3*r - 27 = 0, -3*c + 6 = -4*r. What is the remainder when 65/1 - (c + -6) is divided by 17?
14
Suppose 0 = -x - 2*x + 48. Let i = x + -11. What is the remainder when 13 is divided by i?
3
Suppose 2*u + 152 - 708 = 0. What is the remainder when u is divided by 56?
54
Suppose -i - 5*o + 90 = 0, -2*o = -5*i + 461 - 119. Suppose 0 = s + s - i. Let x(m) = 3*m + 3. Calculate the remainder when s is divided by x(3).
11
Calculate the remainder when (-41)/(-3) + 3/9 is divided by 9.
5
Suppose -3*p + 4*p = 134. Suppose -335 = -5*q + 2*x, -5*q + 2*x + p = -3*q. Calculate the remainder when q is divided by 23.
21
Let c be 250/40 + 3/4. Suppose -2*y + c = -23. Let u(t) = t**2. What is the remainder when y is divided by u(3)?
6
Let s be (-3)/15 - (-938)/(-10). Calculate the remainder when 125 is divided by s/(-3) + (-16)/(-24).
29
Suppose 4 = 4*n - 4*g - 12, 2*g - 7 = -n. Suppose 4*o + n*a - 125 = -0*o, 5*o = -a + 130. Calculate the remainder when o is divided by 7.
4
Suppose 0 = -4*l - 0 - 12, -4*k + l - 17 = 0. Let a = 31 + -17. What is the remainder when a is divided by 3/6*-2*k?
4
Let y = 46 - 41. Calculate the remainder when 9 is divided by y.
4
Suppose d = p + 11, 7*d - 4 = 3*d - 4*p. Suppose 0 = -4*l + 53 + 39. Calculate the remainder when l is divided by d.
5
Suppose -12 = -4*f, 4*c + 2*f - 11 = 67. Let d = c + -3. Suppose 32 = p - 9*w + 5*w, p = 3*w + 35. Calculate the remainder when p is divided by d.
14
Suppose 3*k - 150 = 5*j, -2*k + 100 = -0*k - 3*j. Calculate the remainder when k is divided by 3/3*(14 + -1).
11
Suppose 0*c - 5*b - 128 = -c, 0 = -3*c + b + 398. What is the remainder when c is divided by 35?
28
Suppose 93 - 213 = -5*c. Suppose z + 3*z = 280. What is the remainder when z is divided by c?
22
Let i(v) = 6*v - 3. Let b be i(8). Suppose 5*c + b = p, -2*c - 76 = -2*p + c. Calculate the remainder when p is divided by 12.
11
Let v be (29/(2 - 1))/1. Suppose 14*q = 15*q - v. What is the remainder when q is divided by 10?
9
Suppose 3*c - 2*c - 8 = 0. Let w = 10 - c. Let b(p) = -p + 11. What is the remainder when b(6) is divided by w?
1
Let q(p) = 4*p. Calculate the remainder when 21 is divided by q(2).
5
Let p be (3/(-2) + 0)*-2. Let g = 7 - p. What is the remainder when 6 is divided by g?
2
Suppose -2*h + 4*h = 30. Calculate the remainder when 28 is divided by h.
13
Suppose -11*o = -6*o - 105. Calculate the remainder when 36 is divided by o.
15
Suppose -3*y + 157 = n + 57, -3*y + 3*n = -96. What is the remainder when y is divided by 7?
5
Let f = 7 + 2. What is the remainder when 33 is divided by f?
6
Suppose -4*g + 304 = -2*g. Suppose -s = -5*s + g. Suppose f - 36 = -3*h - 2*f, -h + 5*f + 18 = 0. What is the remainder when s is divided by h?
12
Suppose -s + k + 6 = 0, -5*k = -3*s - 3*k + 16. Suppose 37 = s*y - 43. Calculate the remainder when 1 - 38*(-1)/1 is divided by y.
19
Calculate the remainder when 20 + (0 + 1)*1 is divided by 12.
9
Let w = 4 - -14. Calculate the remainder when 33 is divided by w.
15
Let q be (241 + 1)*9/6. Suppose j - 4*j + q = 0. Suppose j = 3*p - 29. What is the remainder when p is divided by 17?
16
Let d = -11 + 15. Calculate the remainder when 7 is divided by d.
3
Let t = -17 - -19. What is the remainder when 2 is divided by t?
0
Let v(s) = -s**3 + 5*s**2 + 10*s - 7. Calculate the remainder when 24*2 + (-2)/(-1) is divided by v(6).
16
Let m be (-4 - -14)/(2 + -1). Let l(k) = k - 2. Let x be l(m). Suppose -116 = -x*i + 4*i. What is the remainder when i is divided by 10?
9
Let v be (11 - 8)*(0 - 1). What is the remainder when 1/(v/10)*-9 is divided by 8?
6
Let y = 206 + -419. Let n be y/(-4) - 3/12. Let g = -35 + n. Calculate the remainder when g is divided by 10.
8
Calculate the remainder when ((-5)/(-10))/((-2)/(-72)) is divided by 11.
7
Let r = 10 + -7. Suppose 3*f + 5*v - 250 = 0, -2*v - v = r*f - 246. What is the remainder when f is divided by 27?
26
Suppose 5*m = -3*d - 0*m + 45, 0 = -2*d + 4*m + 8. Suppose -d = f - 3*f. Calculate the remainder when f is divided by 3.
2
Suppose -d = -3*d - 6. What is the remainder when 0 + 6 + (-2)/1 is divided by -1 - 0 - d*1?
0
Let y(g) = -g - 4. Let q be y(-4). Let o = 5 - q. Calculate the remainder when 4*(-4)/(-6)*3 is divided by o.
3
Let h(v) = 2*v**3 - 6*v**2 + 4*v - 6. What is the remainder when h(4) is divided by 22?
20
Let l = 53 + 106. Suppose -b + 37 = 4*k - l, 0 = 4*b. What is the remainder when k is divided by 13?
10
Let s be 2/(-6) + (-9)/(-27). Suppose s = -5*f + 70 - 5. What is the remainder when 1 - 0/2 - -24 is divided by f?
12
Let w be (3 + 1)*(-9)/12. Let s(x) = -x**3 - 9*x**2 + 5. Calculate the remainder when s(-9) is divided by (-6 - 3)*1/w.
2
Let m = 508 + -133. Calculate the remainder when (1/3)/(5/m) is divided by 9.
7
Let c(t) be the third derivative of t**5/30 + t**4/4 + 5*t**3/6 - t**2. What is the remainder when c(-6) is divided by ((-14)/6)/(24/(-144))?
13
Let r be (-23)/(-5) - 6/(-15). Suppose 3*d + 139 = r*c - 10, -d + 126 = 4*c. What is the remainder when c is divided by 1 + 5/(-1)*-2?
9
Suppose 2*k + c - 2*c = 81, 4*k - 5*c = 171. Calculate the remainder when k is divided by 10.
9
Let c = 5 + -3. What is the remainder when (2/3)/(c/132) is divided by 23?
21
Let x = -81 - -145. Let f = x + -39. What is the remainder when f is divided by 14?
11
Let m = 84 - 71. What is the remainder when 62 is divided by m?
10
Suppose -3*o + 5*m + 29 = 0, 5*m + 4 = -3*o - 7. Let r be ((-2)/6)/(o/(-9)). Suppose -4*j = -r - 3. Calculate the remainder when 2 is divided by j.
0
Let d be (-14)/5 + (-2)/10. Let q(i) = -7*i + 2. Calculate the remainder when q(d) is divided by 12.
11
Calculate the remainder when (4404/28 - -2) + (-8)/28 is divided by 54.
51
Suppose -58 = -4*x + 34. Calculate the remainder when 136 is divided by x.
21
Let r = 23 + -25. Let u = -50 - -71. Calculate the remainder when u is divided by r/(-13) + (-228)/(-39).
3
Let i = 20 - 14. What is the remainder when 16 is divided by i?
4
Let h = 39 + -15. Calculate the remainder when 45 is divided by h.
21
Let t(l) = 1. Let z(c) = -c - 10. Let h(w) = -4*t(w) - z(w). Calculate the remainder when 46 is divided by h(10).
14
Suppose -50 = -4*y - 2*d, 9*y - 13*y = 3*d - 45. Let j = -1 - 1. What is the remainder when y is divided by (-4)/(-2) + (j - -8)?
7
Let y(d) = 49*d**3 + d**2 - 2*d + 1. What is the remainder when y(1) is divided by (-4)/110*-5 - 555/(-33)?
15
Suppose 10 = -4*d - 2. Let t = d + 40. Calculate the remainder when t is divided by 20.
17
Let j(t) be the first derivative of t**4/4 + t**3/3 - 2*t**2 - t - 3. What is the remainder when j(3) is divided by 13?
10
Let o = -41 - -74. What is the remainder when o is divided by 9?
6
Let i(r) = -r**3 - 6*r**2 - 6*r - 3. Let v be i(-5). Calculate the remainder when (-52)/(-6) - v/3 is divided by 3.
2
Let f = -6 + 4. Calculate the remainder when -3 - (f - (-93)/(-3)) is divided by 16.
14
Suppose 0 = x, 4 - 2 = l + 2*x. Suppose -8 = l*z - 54. Calculate the remainder when z is divided by 6.
5
Let r = 8 